 + 3 + -2 + c. Let k(d) = 3*d + 1. Give k(l).
-2
Suppose -3*a = 4*t - 23, 3*a - 5*a = -4*t - 2. Let b(p) = 8*p**2 - 15*p**2 + 2*p**t + p - p**3 + 3*p**2. Determine b(-3).
6
Let o(h) = -2*h + 26. Let d(u) = 2*u - 9. Let p(s) = -3*d(s) - o(s). Let l = -2 - -1. Determine p(l).
5
Suppose -5 = -4*x - 3*v, 2*x + 5*v - 1 = -x. Let o be 1*(475/150 - (-1)/(-6)). Let m(c) = c**2 - 2 + 5*c**3 - 14*c**3 + 7*c**o. What is m(x)?
-14
Let b(r) be the second derivative of r**5/60 + 13*r**3/6 + r**2 + 60*r. Let t(n) be the second derivative of b(n). Calculate t(-1).
-2
Let z(d) = -9*d**3 - d**2 + d + 7. Let h(n) = -2*n**3 + n**2 + n + 1. Let q(b) = 5*h(b) - z(b). Let y be 12 + -2 + -2*(-20)/(-8). Give q(y).
43
Suppose 2*s + 4*h + 14 = 0, 168*s - 3*h = 163*s + 17. Let t(k) be the third derivative of 5*k**6/24 - k**4/12 + k**3/6 + 3*k**2. Calculate t(s).
24
Let v(o) = -o**3 + o**2 - o + 1. Let u(l) = 3*l - 10 + 5*l**3 + 0*l**3 - 3*l**2 + 2*l + 1. Let h(i) = -u(i) - 6*v(i). Suppose 7 + 5 = 4*p. Determine h(p).
6
Let a(u) = 2*u + 11. Suppose -3*x + 341 = -448. Let z = x - 269. What is a(z)?
-1
Let q(s) = 648*s + 663*s - 14 - 1303*s. Calculate q(4).
18
Let p be (-57)/152 + 3/8. Let t(u) = 5*u + 40 + p*u + 19 - 3*u - 13. Determine t(-23).
0
Let u(o) = -o**2 + 0*o**2 + 106*o - 7 + 99*o - 198*o. Let t be ((-14)/3)/(18/(-27)). Give u(t).
-7
Let j(h) = -h + 5. Let l(c) = -c + 6. Let u(o) = -4*j(o) + 3*l(o). Let q be u(6). Let k(x) = 9*x**2 + 142*x - 141*x - 10*x**2. What is k(q)?
-12
Let m(y) = 227*y - 39. Let v(r) = -34*r + 6. Let q(c) = -3*m(c) - 20*v(c). Calculate q(6).
-9
Let w(p) = -48*p - 483. Suppose 5*m + 50 = -2*q, -40 = 4*m - 8*q + 7*q. Determine w(m).
-3
Let u(h) = -h**2 + 4*h + 3. Suppose -57*d + 55*d = 2*w - 10, 3*d = 0. Calculate u(w).
-2
Let z(x) = -x**2 - 7*x - 8. Let a(v) = -12 + 68 - 2*v + 0*v. Let w be a(31). Give z(w).
-2
Let i be -7*1/1*28/(-98) - 1. Let b(s) = 23*s - 16. Calculate b(i).
7
Let p(o) = o**3 + 4*o**2 - 6*o - 5. Let f(g) = g**2 - 14*g + 42. Let l be f(8). Give p(l).
-41
Let z(m) = m - 11. Let h(t) = -t + 1. Let w(x) = -4*h(x) - z(x). Let y(s) = 2*s + 5. Let d(p) = 5*w(p) - 7*y(p). Determine d(5).
5
Suppose 82 = 6*n + 28. Let b(t) = 5 - 6*t + 8*t - n*t + 0*t. Determine b(2).
-9
Let t(j) = -j**2 - 14*j - 44. Let m(l) = -7*l**2 - 38*l + 40. Let d be m(1). What is t(d)?
1
Let z(q) = 5*q**2 + 2*q + 4. Let d be z(-1). Let i be (7 - d)/7 - 6. Let k(m) = 7*m - 5. What is k(i)?
-47
Let o(y) = -70*y. Let k(c) = c**3 - 17*c**2 - 230*c + 41. Let f(j) = -k(j) + 3*o(j). Calculate f(18).
-5
Suppose 2*z + 3 - 9 = 0. Suppose -6 = -z*a + 3. Suppose -19 = a*q - w, 0*w - 2*w - 4 = 0. Let c(s) = s + 8. Give c(q).
1
Let x(y) = y**2 - 17*y + 36. Let a = 488 + -481. What is x(a)?
-34
Let c(v) = -v**3 - 4*v**2 + 6*v + 7. Let s be -2*(-55)/10*-15. Let t = 160 + s. Give c(t).
2
Let u = 20 + -18. Let o(t) = t - 4 - u + 1 + 3. Let x = 63 - 56. What is o(x)?
5
Let w = 7269 - 7265. Let z(v) be the second derivative of -w*v - 1/2*v**3 - v**2 + 0. Give z(3).
-11
Let f = -99 - -102. Let t(y) = 54*y**f + 6*y**2 - 7*y - 9 + 3 - 53*y**3. Calculate t(-7).
-6
Let m be (-12)/(-42) - (-88)/(-14). Let g(r) be the second derivative of -r**5/20 - r**4/2 + r**3/3 + 7*r**2 + 5016*r. Calculate g(m).
2
Let j be 7/((-49)/7) - -43. Suppose -7*y + j = -11*y - 2*i, -4*i = -y - 33. Let m(o) = o**3 + 14*o**2 + 14*o + 16. What is m(y)?
3
Suppose -3*v = -0*v + 6. Let m(l) be the first derivative of -2*l**2 - 18 - 2*l - 4/3*l**3 - 1/4*l**4. What is m(v)?
-2
Let z(t) = -t**2 - 18*t - 67. Suppose 4*b + 61 = -a, 8*b + a + 47 = 5*b. Give z(b).
-11
Let h(t) = t. Let n be h(3). Let m(z) = z - 1 + 0*z - n. Let u be (-1 - 13)/((-1)/(((-10)/16)/((-260)/208))). Give m(u).
3
Suppose 2*q = 3*u, 23*u - 24 = -2*q + 20*u. Let k(i) = 5 + 3*i + q*i - 5 - 1 - 4*i. What is k(-1)?
-6
Let v(q) = -q**3 - 4*q**2 - 33*q - 91. Let j be v(-3). Let x(r) be the second derivative of -3*r**5/10 - r**4/6 + r**2/2 + 55*r. Determine x(j).
5
Let r(t) = 4*t**2 - 3*t + 3. Suppose 6 = u + 39. Let v = u - -35. Suppose v*z - 4*a - 2 - 6 = 0, -3*a = -3*z + 9. Calculate r(z).
13
Let d(h) be the second derivative of h**5/20 + 2*h**4/3 + 11*h**3/6 + 75*h**2/2 - 2837*h. Calculate d(-8).
-13
Let k(n) = 9*n + 10*n**2 - 29*n - 70 + 12 - 41 - 226919*n**3 + 226920*n**3. What is k(-11)?
0
Let i(p) = 2*p**2 - 88*p + 179. Let x be (-1 - 0) + (-1 - 88/(0 - 2)). Give i(x).
11
Let p(z) be the third derivative of 11*z**5/60 + z**4/8 - 7*z**2 - 6*z. Determine p(-3).
90
Let g(z) = z + 9. Let b = 52 + -53. Let o be (((-3)/(-2))/3)/(b/(-26)). Suppose -44 = 4*d + 4*y, 3 + o = -2*d + y. Calculate g(d).
0
Let n(o) = o**3 + 6*o**2 + o - 1. Let a(x) = x**3 + 22*x**2 - 8*x. Let q = 740 + -742. Let r(t) = q*n(t) + a(t). What is r(9)?
-7
Let b(u) = u**2 - u + 1. Suppose 3*h = 3*y - 23 + 8, 5*h - 4*y = -27. Let x be (21/h + 0)*-1. Calculate b(x).
7
Let n(v) = -29*v - 111. Let w(z) = 25*z + 99. Let j(k) = -5*n(k) - 6*w(k). Calculate j(-12).
21
Let u(h) = h**3 - 4*h**2 - 5*h - 6. Let z(y) = 1. Let p(i) = u(i) + z(i). Determine p(5).
-5
Let v be (3 - (62/8 - 3)) + (-9)/(-12). Let o(d) = -23*d**2 + 3*d + 3. Determine o(v).
-23
Let u(x) = 2*x**2 + 4*x + 1. Let d = 129 - 43. Let m = -90 + d. Give u(m).
17
Let q(d) be the third derivative of d**7/2520 + d**6/80 + d**5/30 + 31*d**4/12 - 3*d**2 + 22*d. Let y(i) be the second derivative of q(i). What is y(-9)?
4
Let r(l) = -l**3 - l**2 + 3*l + 4. Let x = 1106 - 1102. What is r(x)?
-64
Let y(k) be the third derivative of 5*k**4/24 + k**3/6 - k**2. Let m be (204/(-3))/((-1)/3). Let g = -203 + m. Give y(g).
6
Let m(z) = -z**3 - 7*z**2 - 9. Suppose 0 = -4*i + 4*c + 84, 6*c - 22 = -2*i + 3*c. Suppose 4*u - 4 = 0, 2*r + 5*u + i = 8. Give m(r).
-9
Let t(n) be the first derivative of -n**3/3 + 3*n**2 + 39*n + 5395. Determine t(-6).
-33
Let z(o) = o**3 - 5*o**2 + 2*o - 6. Let x(p) be the first derivative of -p**3/3 + 3. Let i(t) = -x(t) - z(t). Let u(f) = 6*f. Let v be u(1). Calculate i(v).
-6
Let o(d) = d**2 + 3*d + 2. Let k be o(-3). Let u be (6/9)/(16/(-9) + k). Let n(f) = -2*f**2 + f**u + 7*f - 25*f + 13*f. What is n(4)?
12
Let c(h) = 11*h**2 - h + 7. Let y(t) = -8*t**2 + t - 5. Let r(k) = -2*c(k) - 3*y(k). Suppose 2*s - 4 = -2*s. What is r(s)?
2
Suppose 0 = -1568*a + 797*a + 790*a + 152. Let p(r) = r**2 + 5*r - 16. What is p(a)?
8
Let c(h) = -17*h**3 + 31*h**2 - 45*h - 14. Let i(o) = -5*o**3 + 11*o**2 - 15*o - 5. Let x(n) = -2*c(n) + 7*i(n). What is x(14)?
-21
Let v be 68/(-17) - ((-21)/14)/(12/(-8)). Let b(x) = -x**2 + 14*x + 10. Give b(v).
-85
Let r = 2449 - 2455. Let m(k) = -k**3 - 6*k**2 - 2*k - 2. Determine m(r).
10
Let h(d) = d**3 + 6*d**2 + 2*d + 7. Let w = -27 + 8. Let f = 26 + w. Suppose 2*y + 5 = -f. Calculate h(y).
-5
Suppose 0 = 634*h - 623*h - 33. Let q(x) = -x**3 - x**2 - 5*x + 6. What is q(h)?
-45
Let q(i) = 4*i**2 - 94 - 109 + 200 + 14*i. Let h(u) = 11*u**2 + 41*u - 10. Let s(l) = 3*h(l) - 8*q(l). Calculate s(-12).
6
Let a = 26 - 7. Let t = 28 - a. Let z(b) = -4*b - 10*b**3 + 9*b**3 - 1 - t*b**2 + 8*b**2 + 6*b. Determine z(1).
-1
Let y(b) = 4*b - 15 + 2*b - 3*b + 18. Let l(v) = 9*v + 9. Let r(p) = 2*l(p) - 7*y(p). Let k = -11 - -8. Calculate r(k).
6
Let v(m) = 13*m + 4446*m**2 - 4447*m**2 + 428 - 163. Give v(-11).
1
Let c(o) = -o**2 - 5*o - 7. Let g(d) = -d**3 - 21*d**2 - 3*d - 18. Let t be g(-21). Suppose -t = 7*j + 2*j. What is c(j)?
-7
Let i(f) = 0 - 11 + 9 - 65*f + 25*f + 41*f - f**3. Suppose 4*g - 2*s = 2, -5*g + 0*s - 30 = 4*s. Give i(g).
4
Let j(u) = -2*u + 4. Let n(a) = -a + 5. Let q(t) = -4*j(t) + 3*n(t). Let f(w) = -24800 + w - 5*w + 24801. Let x(y) = 6*f(y) + 5*q(y). What is x(-8)?
-7
Let i(p) = -11*p**3 - 11*p**2 + 37*p + 4. Let r(n) = 20*n**3 + 21*n**2 - 75*n - 9. Let q(f) = -9*i(f) - 5*r(f). Give q(-10).
-11
Suppose -5053*t = -5075*t + 22. Let r(i) = 11*i - 12. Give r(t).
-1
Let f(v) = 3*v + 2. Let r = 562 + -545. Suppose 4*z + 0*z + r = h, 2*h + 2*z - 14 = 0. What is f(h)?
29
Let d(i) = -2*i + 122 + 131 + 7*i - 263. What is d(4)?
10
Let t = -6371 + 6365. Let x(s) = s**2 - 7*s - 91. Calculate x(t).
-13
Let c(u) = 11*u**2 + 11*u + 8. Let o be c(-7). Let i(h) = -470 - 2*h - h + o. Let l be -12*(8/(-2))/(-12). Calculate i(l).
12
Let t be 46/207 + 52/9. Let w be (t + 2)*10/(-8). Let v(l) = l + 